highest common divisor of 14 and 77778645?
7
Calculate the highest common divisor of 249 and 3422835423.
249
Calculate the greatest common factor of 73250785 and 37602.
2089
Calculate the greatest common divisor of 991536 and 1472016.
4368
Calculate the highest common factor of 107767064 and 16.
8
What is the greatest common factor of 28 and 185135692?
28
Calculate the greatest common factor of 986 and 1563448.
58
Calculate the greatest common factor of 979 and 7187587.
11
What is the greatest common factor of 140 and 9356380?
20
Calculate the greatest common factor of 5 and 244960190.
5
What is the highest common factor of 95620162 and 2332?
1166
What is the greatest common divisor of 323855168 and 1326?
442
Calculate the greatest common divisor of 211692889 and 171.
19
What is the highest common divisor of 24 and 469100584?
8
What is the greatest common divisor of 148616 and 842504?
104
What is the highest common divisor of 12460 and 2974202?
1246
Calculate the greatest common divisor of 238364257 and 3631.
3631
Calculate the greatest common factor of 8446252 and 888224.
2708
Calculate the greatest common factor of 51949486 and 4102.
586
What is the greatest common divisor of 411 and 1018184?
137
Calculate the greatest common divisor of 753282 and 24.
6
Calculate the greatest common factor of 6774278 and 97096.
458
What is the highest common divisor of 37513 and 2296448?
1631
Calculate the greatest common factor of 312186 and 1386.
42
Calculate the highest common divisor of 76322565 and 3465.
495
Calculate the greatest common divisor of 274 and 266947651.
137
Calculate the greatest common factor of 3666782 and 8064.
14
Calculate the highest common factor of 12 and 149415.
3
Calculate the highest common factor of 287 and 34774642.
287
Calculate the greatest common divisor of 5930054 and 52.
26
Calculate the highest common factor of 1402 and 34342691.
701
What is the highest common divisor of 301 and 255046932?
301
Calculate the highest common factor of 168237134 and 442.
442
Calculate the highest common factor of 1 and 109859977.
1
What is the highest common factor of 53970 and 44670?
30
Calculate the highest common divisor of 7907080 and 50.
10
What is the greatest common factor of 452 and 94492634?
226
What is the highest common factor of 294253 and 290054?
323
Calculate the greatest common divisor of 93000 and 29676.
12
What is the highest common factor of 4374 and 158094?
18
What is the greatest common factor of 161928 and 417456?
936
What is the greatest common divisor of 329483 and 29645?
847
Calculate the highest common divisor of 226 and 175796134.
226
Calculate the highest common factor of 369 and 22165789.
41
What is the greatest common factor of 41925689 and 13?
13
Calculate the greatest common factor of 40 and 140600380.
20
Calculate the highest common factor of 11000706 and 12.
6
What is the greatest common divisor of 206 and 11628597?
103
Calculate the highest common divisor of 156756 and 140892.
12
Calculate the greatest common factor of 13791089 and 2795.
559
Calculate the highest common factor of 58 and 2131529.
29
Calculate the highest common divisor of 1365 and 3136560.
105
What is the greatest common divisor of 4368702 and 299?
13
Calculate the greatest common divisor of 1501815 and 2.
1
Calculate the greatest common factor of 44740 and 1975271.
2237
Calculate the greatest common factor of 10739361 and 274133.
1147
Calculate the greatest common divisor of 5492 and 79845442.
2746
What is the greatest common factor of 551937045 and 374?
187
Calculate the greatest common factor of 17664 and 73332.
12
What is the highest common divisor of 46416 and 1479428772?
11604
What is the greatest common factor of 13019904 and 2448?
144
Calculate the greatest common factor of 1675897002 and 78.
78
What is the greatest common factor of 490 and 847292810?
490
Calculate the greatest common divisor of 52676595 and 124.
31
Calculate the highest common divisor of 75 and 21100425.
75
What is the greatest common factor of 831 and 70800369?
831
What is the highest common divisor of 318 and 4591529814?
318
Calculate the highest common factor of 300215 and 504485.
3095
What is the greatest common divisor of 9488340 and 169853?
5857
What is the highest common divisor of 425054 and 268205?
679
What is the greatest common factor of 2540 and 105772?
4
Calculate the highest common divisor of 1824 and 400099872.
1824
Calculate the highest common divisor of 392100060 and 3300.
660
What is the highest common divisor of 74636574 and 2316?
1158
What is the greatest common divisor of 2189691450 and 450?
450
Calculate the highest common factor of 126 and 118745186.
14
Calculate the greatest common divisor of 28487606 and 1484.
742
What is the greatest common factor of 1521132 and 1?
1
Calculate the greatest common factor of 104812596 and 3276.
252
What is the highest common factor of 17 and 1073491316?
17
Calculate the highest common divisor of 261 and 103237677.
9
What is the greatest common divisor of 363695648 and 32?
32
What is the greatest common factor of 77192440 and 195?
65
What is the greatest common divisor of 7408815 and 9060?
2265
Calculate the greatest common factor of 444150 and 21042.
126
What is the highest common divisor of 4992 and 47820?
12
Calculate the greatest common divisor of 23719509 and 43263.
2277
What is the highest common divisor of 1040375 and 1670750?
5125
What is the highest common factor of 3027886 and 49327?
107
Calculate the greatest common divisor of 59502900 and 19752.
9876
Calculate the greatest common divisor of 10187575 and 1.
1
Calculate the highest common divisor of 11574 and 47943366.
3858
Calculate the greatest common factor of 232995 and 102165.
735
Calculate the highest common factor of 60116856 and 24.
24
What is the greatest common divisor of 108 and 7388424?
36
Calculate the greatest common factor of 147060 and 19679896.
3268
What is the greatest common factor of 34432 and 196992?
128
Calculate the highest common factor of 758 and 140185278.
758
Calculate the greatest common divisor of 1012075 and 25.
25
Calculate the greatest common factor of 8 and 35013032.
8
What is the highest common divisor of 3558 and 391872190?
1186
What is the highest common factor of 3320130 and 1650?
330
Calculate the greatest common divisor of 5446 and 3968967.
389
What is the highest common factor of 158 and 69176271?
79
What is the highest common factor of 636 and 494457723?
159
Calculate the highest common factor of 360634296 and 22.
22
What is the greatest common factor of 25856 and 1559872?
64
Calculate the highest common divisor of 621789 and 111447.
609
What is the highest common factor of 1758 and 345755822?
586
What is the greatest common factor of 4212 and 53144?
52
What is the greatest common factor of 9045 and 9124596?
1809
What is the greatest common divisor of 1181 and 406673807?
1181
What is the greatest common factor of 21663929 and 28?
7
What is the greatest common divisor of 450584366 and 1306?
1306
What is the greatest common factor of 99193 and 39621?
281
What is the highest common divisor of 845 and 14505439?
169
Calculate the highest common factor of 5171250 and 120.
30
Calculate the highest common divisor of 1157 and 38666228.
89
Calculate the greatest common divisor of 377445964 and 42.
14
What is the highest common factor of 4241352 and 6?
6
What is the greatest common factor of 10738 and 318318?
182
Calculate the highest common divisor of 2374 and 382.
2
What is the highest common divisor of 2 and 6392173?
1
Calculate the highest common factor of 159879 and 349322.
389
What is the highest common divisor of 695745912 and 24?
24
What is the greatest common divisor of 22209 and 81632208?
2019
Calculate the greatest common divisor of 1711872 and 16794.
18
What is the highest common divisor of 4323 and 876783?
393
What is the highest common divisor of 4249 and 12618923?
607
Calculate the greatest common divisor of 2662626 and 30.
6
What is the greatest common divisor of 1054186 and 5642?
434
Calculate the greatest common divisor of 323 and 202567512.
323
What is the highest common divisor of 6 and 4059687966?
6
Calculate the greatest common divisor of 162492 and 685542.
66
Calculate the greatest common diviso